 + 1 + -6)?
-5
What is the value of -513 + 456 + (-2 - -37)?
-22
Calculate 4 - (-10 + 17 + -10 + 7).
0
What is -23 - -29 - (30 + (-19 - -11))?
-16
-1346 + 1319 + (38 - -1)
12
-1 + -6 - (-102 - -92)
3
(-3 + (1 - 1) - 3) + (5 - 13)
-14
Evaluate 21 + -2 + 1 + (624 - 636).
8
What is 0 + (13 - (7 + 5 + -8)) - 29?
-20
What is the value of -4 - -6 - (-5 + 6 - 3)?
4
(4 - 18) + 5 + 13 + -9 - -18
13
Evaluate -2 + 19 + -37 + 28.
8
Evaluate 13 + (14 - (-2 + 7 + 2)) + -15.
5
What is the value of -10 + (3 - -2) + -11 + 2 + -6?
-20
-7 - (5 + -4 + 5 + -15)
2
What is 5 + 0 + (-15 - 9 - 12) + -8?
-39
-1 + -26 + 268 + -263
-22
Calculate 87 - (31 + 64) - (1 + -38).
29
-4 + -4 + 30 + 25 + -22
25
20 + (4 - -8 - 19)
13
What is the value of (-16 - -4) + -41 + 36?
-17
(-9 - 2) + (10 - (11 + 1))
-13
Evaluate (-4 - -17) + (26 - 24) + 4.
19
-8 + 4 + (19 - 6) + 3
12
What is the value of (1 - -1) + -4 - ((-18 - -7) + 0)?
9
What is the value of -13 - -17 - (0 + -2)?
6
8 + (-9 - 7 - -13)
5
9 + (-16 - (-10 - (-7 + 8)))
4
What is 3 + -6 + (1 - -5) + (-15 - -18)?
6
What is the value of (3 - -7) + (-7 - 12) + 9 - -9?
9
What is the value of 7 - 6 - (50 - 39)?
-10
Calculate 19 + (-6 - -4) + -3.
14
What is 1 + -7 + (7 - 2 - 7 - 4)?
-12
What is 5 + 23 + -26 - ((1 - 0) + 0)?
1
Calculate (2 - -1) + 307 + -296.
14
What is (-30 + -6 - -6) + (-32 - -31)?
-31
Calculate -10 - (-3 + 1 - 7 - 2).
1
What is -34 + 2 + 26 + -4 + -9?
-19
Calculate (-2 + -4 - (2 + (-13 - -12))) + 12.
5
What is -3 + 12 + (-16 - (-4 - -8))?
-11
What is -14 - (-12 + 4 - -20)?
-26
What is (32 - 0) + (-29 - (-31 - -5) - 2)?
27
-3 + (23 - 61) + 19
-22
36 + (20 - -15 - 74)
-3
What is the value of 7 + (-17 + 3 - (4 - (9 + 1)))?
-1
Evaluate (17 - 15) + (5 - 9) + (0 - -13).
11
(-3 - (-1 - (4 + -23))) + 17
-4
4 + -10 + -2 + 3 + 3
-2
Evaluate 2 - (-2 - (-8 - (5 + -11))).
2
Calculate 232 - 216 - (29 - (-4 + 1)).
-16
What is the value of (38 - 65) + 18 - (-2 - 0)?
-7
Calculate (1 + 1 - 0 - 1) + (-144 - -139).
-4
13 + -2 + -8 + -2
1
Evaluate (-4 - 0) + 8 + 3 + (-34 - -24).
-3
Evaluate -7 + 5 + -2 + 21 + -1 + -3.
13
Evaluate -4 - 5 - -2 - (-5 + (1 - 2)).
-1
Calculate (-58 - -42) + -16 + 2 + 12.
-18
Evaluate -5 - (-11 + 14 + -9 + (0 - 0)).
1
What is the value of (-31 + -3 - -28) + (23 - 1)?
16
(4 - 1) + 3 + (-9 - -12) + 9
18
7 + (-15 - -13 - (5 + -1) - 13)
-12
Evaluate 7 + 23 - 28 - (-1 - 1).
4
Calculate (-7 - (9 - 30)) + -22.
-8
Evaluate -13 + 8 + 18 - (-10 - (-3 - -1)).
21
(-1 - 7 - (-8 - 3 - -8)) + -17
-22
Calculate (9 - -16) + -21 - 2.
2
Evaluate 20 - (29 - 14) - 9.
-4
Evaluate -2 - 3 - (5 + -20 + 10).
0
Calculate -4 + -9 + 5 + 0 - (-12 + -5).
9
(-25 - -12) + -17 + 0 + 10 + -7
-27
What is 0 - (18 + -42 + 11)?
13
-24 + 20 + 3 - -13
12
(0 - -11) + -6 + 9 + -2
12
What is the value of 0 + ((21 - 6) + -33 - -14)?
-4
What is the value of (63 - 8) + 4 + -34?
25
What is the value of -23 + 15 + -1 - -9 - 0?
0
What is the value of -99 - -61 - (-15 - -1)?
-24
What is the value of 3 - (-27 + 9 - -18)?
3
What is the value of -1 + (-2 - (0 + -9)) - 15?
-9
Calculate (9 - 4) + -21 + 1.
-15
Evaluate -12 + -3 + 15 - 8.
-8
What is the value of (-3 - -6) + -6 - (-10 - (4 - -4))?
15
What is -9 + (-23 + 7 - (-14 + 8))?
-19
What is 1 + (13 - (-4 + 11)) + -11?
-4
Evaluate 36 + (34 - 62) - 10.
-2
What is 3 + 0 + 6 + (30 - 38)?
1
Calculate 9 + -4 - (0 - -6 - -2).
-3
Calculate -29 + -3 - (-451 - -444).
-25
What is (166 - 189) + 0 + 22?
-1
What is 7 + (-2 + (1 - -9) - (-276 + 281))?
10
-22 + -7 + 15 + 3 + -4
-15
What is the value of -24 + -9 - -25 - -22?
14
Calculate 8 - (9 + -4 + -2 - 10).
15
What is the value of -2 + (11 - 18) + 6?
-3
What is (-3 - (1 - (9 + -4))) + -5?
-4
Calculate -11 - (-16 + 2 + 3 - -8).
-8
Evaluate -3 - (7 + (2 - -6) + -1 - -8).
-25
What is -8 + 5 - -10 - -11?
18
What is (25 - 20) + -50 + 15?
-30
Evaluate -4 + 4 - 7 - (33 - 38).
-2
Calculate -18 + 15 + -5 + 11.
3
What is (43 - 24) + -15 + (0 - -1)?
5
-3 + (-8 - 0) + 224 + -203
10
-23 - (13 - 21) - (-1 - (-2 - -1))
-15
What is the value of -2 - (-2 + 17) - (19 + -45 + 32)?
-23
What is the value of -7 + (21 - 34) + 37?
17
What is the value of -8 + 8 + (4 - (0 + (3 - -6)))?
-5
Evaluate ((-3 - -1) + -10 + 7 - -3) + 8.
6
What is the value of 1 + 0 + -2 + 1 - (51 + -52)?
1
What is (15 - 5 - -9) + -9 - 28?
-18
Calculate 8 - (6 - (8 + 1) - -4) - -7.
14
Calculate 4 - (21 + 3) - -1 - (-59 + 52).
-12
What is 0 - (197 + -200 - (9 + (0 - 3)))?
9
What is the value of (-3 + -1 - 0) + (-2 - (-13 - 2))?
9
What is the value of 1 + (-3 - (2 + -4)) + -3 + 12?
9
Evaluate 3 - 2 - (-27 - -20).
8
-3 - (-1 + -3 + 2) - (0 - -5)
-6
What is (3 - (-57 + 57)) + (10 - -1 - -1)?
15
9 - 0 - ((1 - 3) + -2 + 7)
6
What is the value of -27 - (-23 - (-24 - -11))?
-17
What is the value of 9 + (-5 + -23 - -23)?
4
Evaluate -5 + 6 + -13 + (-6 - -5).
-13
Evaluate -9 - ((-7 - (-1 - 12)) + -6).
-9
What is the value of -3 + (17 - -1) + (79 - 80)?
14
Calculate (0 + 2 - -15 - 2) + -4.
11
Evaluate (-4 - -32) + (-43 - -35).
20
What is the value of 0 + 3 - 3 - (-11 + 6) - 4?
1
What is 2 - (0 + -8 + 14 - (-20 + -2))?
-26
What is the value of (0 - 2) + (12 - 26)?
-16
Calculate 290 + -271 + (-18 - -2).
3
Calculate (-25 - -19 - 15) + 23 - (0 + 22).
-20
(19 + 2 - 11) + -13 + 2
-1
(6 - (0 + -2) - 14) + 15 - 29
-20
What is the value of -55 - (3 + -32 + 13) - -17?
-22
-14 - ((-3 - -9) + (-29 - (-3 - 11)))
-5
Calculate 39 + -47 + 23 + 4.
19
What is 19 + (-9 + 2 - (-18 + 18))?
12
What is the value of (2 - -8) + (-1 - 6) - -22 - 2?
23
Calculate (5 - (39 + -22)) + 28.
16
Evaluate 0 - (-22 + (17 - -32)).
-27
27 + 0 + 43 + -91 + 38
17
What is the value of 22 + -2 - (-36 + -1 - -49)?
8
Calculate 5 + (2 - 13 - (2 + -6)).
-2
1 + 13 + (18 - 26) + 4
10
What is 0 + 4 + -8 + 14 - (14 + -11)?
7
Calculate 28 + (10 + 10 - 23).
25
Evaluate (-4 - (-1 + (10 - 8))) + -7.
-12
Evaluate 1 + -17 - (-82 + 62 + 21).
-17
Evaluate (4 - 5) + 9 + -11 + -9 + -9.
-21
2 + (-4 + 10 - (-14 + 10))
12
Evaluate -1 + (-1 - -3) + -3.
-2
Calculate 2 - -7 - (-35 + (18 - 1)).
27
What is the value of -84 + 77 + 1 + 32 + -4?
22
What is the value of (-1 + 6 - 10 - -15) + -14 - 30?
-34
-11 - (-37 - (-24 - 0))
2
What is 10 - -1 - (17 + -25 + 9)?
10
What is 5 + 4 + 84 + -81?
12
Calculate 5 - (-8 + 8 + -5 + 16) - 0.
-6
What is (7 - -2) + 105 + -112 - -8?
10
What is 38 - (15 - -4) - 39?
-20
Calculate 1 + (1 - 1) - (-14 + (-113 - -151)).
-23
-13 - ((3 - -3) + -30)
11
Evaluate 0 + 9 + -6 - (-1 + 23).
-19
What is -10 - (2 + -3) - (14 - 34)?
11
0 - -2 - (17 - (-2 - -14))
-3
Calculate (-10 - -7 - -4) + -7 + -2.
-8
Evaluate (12 - (19 - 24)) + (-3 - 6).
8
Calculate -26 + 51 + -17 - (-5 + -2).
15
Calculate -15 + -15 + 34 + -6 + 3.
1
What is the value of (-10 - 2) + (-37 - (-10 - 29))?
-10
What is the value of (-1 - (4 + -1)) + -158 + 167?
5
What is -4 - (-9 + -4) - (134 + -109)?
-16
(5 - -6 - 6) + -3 + -1 - -3
4
What is the value of 0 + (2 - 16) - -12 - (-15 - -1)?
12
31 - (-2 + 5 + 5 - (-49 + 53))
27
Evaluate (19 - 19) + 28 + -30.
-2
14 + (-8 - (34 + -6)) - (2 - 2)
-22
Evaluate -11 - ((4 - 8) + 9 - 0).
-16
Calculate -18 + -2 + 23 + (-1 - 13 - 0).
-11
13 + -24 + 3 - 12
-20
Evaluate (-36 - (-4 + -23)) + (-3 - -2 - -1).
-9
What is the value of -4 - -7 - 2 - (-13 + 0)?
14
What is the value of 8 - -3 - ((48 - 12) + -10)?
-15
What is the value of (-4 - (6 + -3) - -4 - -7) + -4?
0
8 - (21 - (22 - 9))
0
Calculate -7 + (28 - (6 - (-9 - -10))).
16
9 - (-37 + 46) - 14
-14
3 + -5 + -343 + 348
3
What is the value of (4 - 0) + (842 - 852)?
-6
(6 - 6) + 5 + (-12 - -3) - -2
-2
-18 + -12 + 26 + 6 + 4
6
What is the value of (-1 + 2 - 6) + -23 + -1 + 34?
5
Evaluate 7 + (10 - ((9 - 1) + -9 + 19)).
-1
Evaluate 1 - (31 + -9 - 11).
-10
Evaluate 4 + (23 - 77) - -22.
-28
What is (-20 - -37 - 33) + 3?
-13
Evaluate 7 - (-6 - ((-4 - 0) + 25 + -23)).
11
22 - (0 + 24 + -27)
25
What is 1 + (-20 + 7 - -8)?
-4
What is the value of -1 - 3 - -1 - 4 - (6 + -8)?
-5
What is (-8 - (2 + -4)) + (5 - 8) + -3?
-12
Evaluate (-5 - -1 - -5) + (10 - 5) + 1.
7
Evaluate 10 + -14 + -15 + 5 + 35.
21
Evaluate -36 + -5 + (-2 - -20) + 15 + -23.
-31
9 + -5 + 0 + 0 + -3 + -3
-2
What is 15 + ((-7 - -11) + -11 - 12)?
-4
Calculate -7 + 11 + (1 - 14).
-9
What is -2 + -10 + -3 + 1 - (1 + -2)?
-13
(27 - -5) + (24 - 25) + -7
24
What is the value of 6 +